{"id":85,"date":"2020-12-30T09:33:37","date_gmt":"2020-12-30T09:33:37","guid":{"rendered":"http:\/\/s855384390.online.de\/?page_id=85"},"modified":"2021-01-06T10:31:19","modified_gmt":"2021-01-06T10:31:19","slug":"home","status":"publish","type":"page","link":"https:\/\/industrieservice-schmelzer.de\/","title":{"rendered":"\u00dcber uns"},"content":{"rendered":"\t\t<div data-elementor-type=\"wp-page\" data-elementor-id=\"85\" class=\"elementor elementor-85\" data-elementor-post-type=\"page\">\n\t\t\t\t\t\t<section class=\"elementor-section elementor-top-section elementor-element elementor-element-8581f9e elementor-section-full_width elementor-section-height-default elementor-section-height-default\" data-id=\"8581f9e\" data-element_type=\"section\">\n\t\t\t\t\t\t<div class=\"elementor-container elementor-column-gap-no\">\n\t\t\t\t\t<div class=\"elementor-column elementor-col-100 elementor-top-column elementor-element elementor-element-fc6fd73\" data-id=\"fc6fd73\" data-element_type=\"column\">\n\t\t\t<div class=\"elementor-widget-wrap elementor-element-populated\">\n\t\t\t\t\t\t<div class=\"elementor-element elementor-element-52ea7e5 elementor--h-position-center elementor--v-position-middle elementor-arrows-position-inside elementor-pagination-position-inside elementor-widget elementor-widget-slides\" data-id=\"52ea7e5\" data-element_type=\"widget\" data-settings=\"{&quot;transition&quot;:&quot;fade&quot;,&quot;navigation&quot;:&quot;both&quot;,&quot;autoplay&quot;:&quot;yes&quot;,&quot;pause_on_interaction&quot;:&quot;yes&quot;,&quot;autoplay_speed&quot;:5000,&quot;infinite&quot;:&quot;yes&quot;,&quot;transition_speed&quot;:500}\" data-widget_type=\"slides.default\">\n\t\t\t\t<div class=\"elementor-widget-container\">\n\t\t\t\t\t\t\t\t\t<div class=\"elementor-swiper\">\n\t\t\t\t\t<div class=\"elementor-slides-wrapper elementor-main-swiper swiper\" role=\"region\" aria-roledescription=\"carousel\" aria-label=\"Slides\" dir=\"ltr\" data-animation=\"fadeInUp\">\n\t\t\t\t<div class=\"swiper-wrapper elementor-slides\">\n\t\t\t\t\t\t\t\t\t\t<div class=\"elementor-repeater-item-297c670 swiper-slide\" role=\"group\" aria-roledescription=\"slide\"><div class=\"swiper-slide-bg elementor-ken-burns elementor-ken-burns--in\" role=\"img\"><\/div><div class=\"elementor-background-overlay\"><\/div><div class=\"swiper-slide-inner\" ><div class=\"swiper-slide-contents\"><div class=\"elementor-slide-heading\">Bundesweit t\u00e4tiges Unternehmen auf dem Sektor der Industriedienstleistungen<\/div><\/div><\/div><\/div><div class=\"elementor-repeater-item-af6baad swiper-slide\" role=\"group\" aria-roledescription=\"slide\"><div class=\"swiper-slide-bg elementor-ken-burns elementor-ken-burns--in\" role=\"img\"><\/div><div class=\"elementor-background-overlay\"><\/div><div class=\"swiper-slide-inner\" ><div class=\"swiper-slide-contents\"><div class=\"elementor-slide-heading\">Der Schwerpunkt unserer Dienstleistungen liegt auf dem Sektor der Industriemontagen<\/div><\/div><\/div><\/div><div class=\"elementor-repeater-item-a56c32f swiper-slide\" role=\"group\" aria-roledescription=\"slide\"><div class=\"swiper-slide-bg elementor-ken-burns elementor-ken-burns--in\" role=\"img\"><\/div><div class=\"elementor-background-overlay\"><\/div><div class=\"swiper-slide-inner\" ><div class=\"swiper-slide-contents\"><div class=\"elementor-slide-heading\">Eine neue und junge Sparte unserer Industriedienstleistungen bildet der Sektor Personalservice<\/div><\/div><\/div><\/div><div class=\"elementor-repeater-item-8faf217 swiper-slide\" role=\"group\" aria-roledescription=\"slide\"><div class=\"swiper-slide-bg elementor-ken-burns elementor-ken-burns--in\" role=\"img\"><\/div><div class=\"elementor-background-overlay\"><\/div><div class=\"swiper-slide-inner\" ><div class=\"swiper-slide-contents\"><div class=\"elementor-slide-heading\">Ein weiteres wichtiges Standbein unseres Unternehmens bildet der Sektor Engineering<\/div><\/div><\/div><\/div>\t\t\t\t<\/div>\n\t\t\t\t\t\t\t\t\t\t\t\t\t\t\t<div class=\"elementor-swiper-button elementor-swiper-button-prev\" role=\"button\" tabindex=\"0\" aria-label=\"Previous slide\">\n\t\t\t\t\t\t\t<i aria-hidden=\"true\" class=\"eicon-chevron-left\"><\/i>\t\t\t\t\t\t<\/div>\n\t\t\t\t\t\t<div class=\"elementor-swiper-button elementor-swiper-button-next\" role=\"button\" tabindex=\"0\" aria-label=\"Next slide\">\n\t\t\t\t\t\t\t<i aria-hidden=\"true\" class=\"eicon-chevron-right\"><\/i>\t\t\t\t\t\t<\/div>\n\t\t\t\t\t\t\t\t\t\t\t\t\t\t\t\t<div class=\"swiper-pagination\"><\/div>\n\t\t\t\t\t\t\t\t\t\t\t\t<\/div>\n\t\t\t\t<\/div>\n\t\t\t\t\t\t\t\t<\/div>\n\t\t\t\t<\/div>\n\t\t\t\t\t<\/div>\n\t\t<\/div>\n\t\t\t\t\t<\/div>\n\t\t<\/section>\n\t\t\t\t<section class=\"elementor-section elementor-top-section elementor-element elementor-element-73ec061d elementor-section-content-middle elementor-section-boxed elementor-section-height-default elementor-section-height-default\" data-id=\"73ec061d\" data-element_type=\"section\">\n\t\t\t\t\t\t<div class=\"elementor-container elementor-column-gap-no\">\n\t\t\t\t\t<div class=\"elementor-column elementor-col-50 elementor-top-column elementor-element elementor-element-2ccc6107\" data-id=\"2ccc6107\" data-element_type=\"column\">\n\t\t\t<div class=\"elementor-widget-wrap elementor-element-populated\">\n\t\t\t\t\t\t<div class=\"elementor-element elementor-element-4719f8e6 elementor-widget elementor-widget-text-editor\" data-id=\"4719f8e6\" data-element_type=\"widget\" data-widget_type=\"text-editor.default\">\n\t\t\t\t<div class=\"elementor-widget-container\">\n\t\t\t\t\t\t\t\t\t<p><em>Firmenprofil <\/em><\/p>\t\t\t\t\t\t\t\t<\/div>\n\t\t\t\t<\/div>\n\t\t\t\t<div class=\"elementor-element elementor-element-249d47b0 elementor-widget elementor-widget-heading\" data-id=\"249d47b0\" data-element_type=\"widget\" data-widget_type=\"heading.default\">\n\t\t\t\t<div class=\"elementor-widget-container\">\n\t\t\t\t\t<h3 class=\"elementor-heading-title elementor-size-default\">\u00dcber uns<\/h3>\t\t\t\t<\/div>\n\t\t\t\t<\/div>\n\t\t\t\t<div class=\"elementor-element elementor-element-41eca308 elementor-widget-divider--view-line elementor-widget elementor-widget-divider\" data-id=\"41eca308\" data-element_type=\"widget\" data-widget_type=\"divider.default\">\n\t\t\t\t<div class=\"elementor-widget-container\">\n\t\t\t\t\t\t\t<div class=\"elementor-divider\">\n\t\t\t<span class=\"elementor-divider-separator\">\n\t\t\t\t\t\t<\/span>\n\t\t<\/div>\n\t\t\t\t\t\t<\/div>\n\t\t\t\t<\/div>\n\t\t\t\t\t<\/div>\n\t\t<\/div>\n\t\t\t\t<div class=\"elementor-column elementor-col-50 elementor-top-column elementor-element elementor-element-4612cee7\" data-id=\"4612cee7\" data-element_type=\"column\">\n\t\t\t<div class=\"elementor-widget-wrap elementor-element-populated\">\n\t\t\t\t\t\t<div class=\"elementor-element elementor-element-64ac4248 elementor-widget elementor-widget-text-editor\" data-id=\"64ac4248\" data-element_type=\"widget\" data-widget_type=\"text-editor.default\">\n\t\t\t\t<div class=\"elementor-widget-container\">\n\t\t\t\t\t\t\t\t\t<p><strong>Die Firma Industrieservice-Schmelzer ist ein bundesweit t\u00e4tiges Unternehmen auf dem Sektor der Industriedienstleistungen.<\/strong><\/p><p>Der Schwerpunkt unserer T\u00e4tigkeiten liegt auf dem Gebiet der Industriemontagen. Dazu geh\u00f6ren, neben vielf\u00e4ltigen Demontagearbeiten bestehender Anlagen, vor allem die Herstellung und Montage neuer Anlagen aus den Bereichen des allgemeinen Apparate- und Beh\u00e4lterbau, des Stahl- und Rohrleitungsbau sowie im besonderen der Filtertechnik.<\/p><p>Desweiteren bieten wir unseren Kunden diverse Ingenieurleistungen des allgemeinen Maschinenbau. Dabei geh\u00f6rt die Projektplanung neuer Anlagen genauso zu unseren Leistungen, wie die Optimierung bestehender Anlagen und Verfahren.<\/p>\t\t\t\t\t\t\t\t<\/div>\n\t\t\t\t<\/div>\n\t\t\t\t\t<\/div>\n\t\t<\/div>\n\t\t\t\t\t<\/div>\n\t\t<\/section>\n\t\t\t\t<section class=\"elementor-section elementor-top-section elementor-element elementor-element-16180eeb elementor-section-content-middle elementor-section-boxed elementor-section-height-default elementor-section-height-default\" data-id=\"16180eeb\" data-element_type=\"section\" data-settings=\"{&quot;background_background&quot;:&quot;classic&quot;}\">\n\t\t\t\t\t\t<div class=\"elementor-container elementor-column-gap-no\">\n\t\t\t\t\t<div class=\"elementor-column elementor-col-50 elementor-top-column elementor-element elementor-element-6306919f\" data-id=\"6306919f\" data-element_type=\"column\">\n\t\t\t<div class=\"elementor-widget-wrap elementor-element-populated\">\n\t\t\t\t\t\t<div class=\"elementor-element elementor-element-7d13cff4 elementor-view-default elementor-widget elementor-widget-icon\" data-id=\"7d13cff4\" data-element_type=\"widget\" data-widget_type=\"icon.default\">\n\t\t\t\t<div class=\"elementor-widget-container\">\n\t\t\t\t\t\t\t<div class=\"elementor-icon-wrapper\">\n\t\t\t<div class=\"elementor-icon\">\n\t\t\t<i aria-hidden=\"true\" class=\"fas fa-quote-left\"><\/i>\t\t\t<\/div>\n\t\t<\/div>\n\t\t\t\t\t\t<\/div>\n\t\t\t\t<\/div>\n\t\t\t\t<div class=\"elementor-element elementor-element-4f3170e elementor-widget elementor-widget-text-editor\" data-id=\"4f3170e\" data-element_type=\"widget\" data-widget_type=\"text-editor.default\">\n\t\t\t\t<div class=\"elementor-widget-container\">\n\t\t\t\t\t\t\t\t\t<p><strong>Einen neuen Sektor unserer Dienstleistungen bildet der Personalservice. <\/strong><\/p><p>Wir bieten unseren Kunden zum kurzfristigen und flexiblen Einsatz ausschliesslich Facharbeiter verschiedener Fachrichtungen, darunter Schwei\u00dfer, Schlosser und Rohrnetzbauer.<\/p><p>Verschaffen Sie sich auf den weiteren Seiten einen genaueren \u00dcberblick \u00fcber das Leistungsspektrum unseres Unternehmens und nehmen Sie gerne unter den aufgef\u00fchrten Daten Kontakt mit uns auf.<\/p><p>Wir w\u00fcrden uns freuen, wenn Sie unser Unternehmen bei zuk\u00fcnftigen Ausschreibungen und Projekten ber\u00fccksichtigen, damit wir Sie von der Leistung und Qualit\u00e4t unserer Arbeiten \u00fcberzeugen k\u00f6nnen. Wir unterbreiten Ihnen gerne ein Angebot.<\/p><p>.<\/p>\t\t\t\t\t\t\t\t<\/div>\n\t\t\t\t<\/div>\n\t\t\t\t\t<\/div>\n\t\t<\/div>\n\t\t\t\t<div class=\"elementor-column elementor-col-50 elementor-top-column elementor-element elementor-element-321e67cc\" data-id=\"321e67cc\" data-element_type=\"column\">\n\t\t\t<div class=\"elementor-widget-wrap elementor-element-populated\">\n\t\t\t\t\t\t<div class=\"elementor-element elementor-element-7266f6f3 elementor-invisible elementor-widget elementor-widget-image\" data-id=\"7266f6f3\" data-element_type=\"widget\" data-settings=\"{&quot;_animation&quot;:&quot;fadeInUp&quot;,&quot;_animation_delay&quot;:100}\" data-widget_type=\"image.default\">\n\t\t\t\t<div class=\"elementor-widget-container\">\n\t\t\t\t\t\t\t\t\t\t\t\t\t\t\t<img fetchpriority=\"high\" decoding=\"async\" width=\"768\" height=\"690\" src=\"https:\/\/industrieservice-schmelzer.de\/wp-content\/uploads\/2020\/12\/sol-tZw3fcjUIpM-unsplash-scaled-e1609446583688-768x690.jpg\" class=\"attachment-medium_large size-medium_large wp-image-94\" alt=\"\" srcset=\"https:\/\/industrieservice-schmelzer.de\/wp-content\/uploads\/2020\/12\/sol-tZw3fcjUIpM-unsplash-scaled-e1609446583688-768x690.jpg 768w, https:\/\/industrieservice-schmelzer.de\/wp-content\/uploads\/2020\/12\/sol-tZw3fcjUIpM-unsplash-scaled-e1609446583688-300x270.jpg 300w, https:\/\/industrieservice-schmelzer.de\/wp-content\/uploads\/2020\/12\/sol-tZw3fcjUIpM-unsplash-scaled-e1609446583688-1024x921.jpg 1024w, https:\/\/industrieservice-schmelzer.de\/wp-content\/uploads\/2020\/12\/sol-tZw3fcjUIpM-unsplash-scaled-e1609446583688-1536x1381.jpg 1536w, https:\/\/industrieservice-schmelzer.de\/wp-content\/uploads\/2020\/12\/sol-tZw3fcjUIpM-unsplash-scaled-e1609446583688.jpg 1900w\" sizes=\"(max-width: 768px) 100vw, 768px\" \/>\t\t\t\t\t\t\t\t\t\t\t\t\t\t\t<\/div>\n\t\t\t\t<\/div>\n\t\t\t\t\t<\/div>\n\t\t<\/div>\n\t\t\t\t\t<\/div>\n\t\t<\/section>\n\t\t\t\t<\/div>\n\t\t","protected":false},"excerpt":{"rendered":"<p>Bundesweit t\u00e4tiges Unternehmen auf dem Sektor der IndustriedienstleistungenDer Schwerpunkt unserer Dienstleistungen liegt auf dem Sektor der IndustriemontagenEine neue und junge Sparte unserer Industriedienstleistungen bildet der Sektor PersonalserviceEin weiteres wichtiges Standbein unseres Unternehmens bildet der Sektor Engineering Previous Next Firmenprofil \u00dcber uns Die Firma Industrieservice-Schmelzer ist ein bundesweit t\u00e4tiges Unternehmen auf dem Sektor der Industriedienstleistungen. Der [&hellip;]<\/p>\n","protected":false},"author":1,"featured_media":0,"parent":0,"menu_order":0,"comment_status":"closed","ping_status":"closed","template":"","meta":{"footnotes":""},"class_list":["post-85","page","type-page","status-publish","hentry"],"_links":{"self":[{"href":"https:\/\/industrieservice-schmelzer.de\/index.php?rest_route=\/wp\/v2\/pages\/85","targetHints":{"allow":["GET"]}}],"collection":[{"href":"https:\/\/industrieservice-schmelzer.de\/index.php?rest_route=\/wp\/v2\/pages"}],"about":[{"href":"https:\/\/industrieservice-schmelzer.de\/index.php?rest_route=\/wp\/v2\/types\/page"}],"author":[{"embeddable":true,"href":"https:\/\/industrieservice-schmelzer.de\/index.php?rest_route=\/wp\/v2\/users\/1"}],"replies":[{"embeddable":true,"href":"https:\/\/industrieservice-schmelzer.de\/index.php?rest_route=%2Fwp%2Fv2%2Fcomments&post=85"}],"version-history":[{"count":80,"href":"https:\/\/industrieservice-schmelzer.de\/index.php?rest_route=\/wp\/v2\/pages\/85\/revisions"}],"predecessor-version":[{"id":432,"href":"https:\/\/industrieservice-schmelzer.de\/index.php?rest_route=\/wp\/v2\/pages\/85\/revisions\/432"}],"wp:attachment":[{"href":"https:\/\/industrieservice-schmelzer.de\/index.php?rest_route=%2Fwp%2Fv2%2Fmedia&parent=85"}],"curies":[{"name":"wp","href":"https:\/\/api.w.org\/{rel}","templated":true}]}}