{"id":231,"date":"2020-12-31T21:07:52","date_gmt":"2020-12-31T21:07:52","guid":{"rendered":"http:\/\/s855384390.online.de\/?page_id=231"},"modified":"2025-05-06T19:44:30","modified_gmt":"2025-05-06T19:44:30","slug":"personalservice","status":"publish","type":"page","link":"https:\/\/industrieservice-schmelzer.de\/?page_id=231","title":{"rendered":"Personalservice"},"content":{"rendered":"\t\t<div data-elementor-type=\"wp-page\" data-elementor-id=\"231\" class=\"elementor elementor-231\" data-elementor-post-type=\"page\">\n\t\t\t\t\t\t<section class=\"elementor-section elementor-top-section elementor-element elementor-element-8581f9e elementor-section-full_width elementor-section-height-default elementor-section-height-default\" data-id=\"8581f9e\" data-element_type=\"section\">\n\t\t\t\t\t\t<div class=\"elementor-container elementor-column-gap-no\">\n\t\t\t\t\t<div class=\"elementor-column elementor-col-100 elementor-top-column elementor-element elementor-element-fc6fd73\" data-id=\"fc6fd73\" data-element_type=\"column\">\n\t\t\t<div class=\"elementor-widget-wrap elementor-element-populated\">\n\t\t\t\t\t\t<div class=\"elementor-element elementor-element-52ea7e5 elementor--h-position-center elementor--v-position-middle elementor-arrows-position-inside elementor-pagination-position-inside elementor-widget elementor-widget-slides\" data-id=\"52ea7e5\" data-element_type=\"widget\" data-settings=\"{&quot;transition&quot;:&quot;fade&quot;,&quot;navigation&quot;:&quot;both&quot;,&quot;autoplay&quot;:&quot;yes&quot;,&quot;pause_on_interaction&quot;:&quot;yes&quot;,&quot;autoplay_speed&quot;:5000,&quot;infinite&quot;:&quot;yes&quot;,&quot;transition_speed&quot;:500}\" data-widget_type=\"slides.default\">\n\t\t\t\t<div class=\"elementor-widget-container\">\n\t\t\t\t\t\t\t\t\t<div class=\"elementor-swiper\">\n\t\t\t\t\t<div class=\"elementor-slides-wrapper elementor-main-swiper swiper\" role=\"region\" aria-roledescription=\"carousel\" aria-label=\"Slides\" dir=\"ltr\" data-animation=\"fadeInUp\">\n\t\t\t\t<div class=\"swiper-wrapper elementor-slides\">\n\t\t\t\t\t\t\t\t\t\t<div class=\"elementor-repeater-item-297c670 swiper-slide\" role=\"group\" aria-roledescription=\"slide\"><div class=\"swiper-slide-bg elementor-ken-burns elementor-ken-burns--in\" role=\"img\"><\/div><div class=\"elementor-background-overlay\"><\/div><div class=\"swiper-slide-inner\" ><div class=\"swiper-slide-contents\"><div class=\"elementor-slide-heading\">Eine neue und junge Sparte unserer Industriedienstleistungen bildet  der Sektor Personalservice <\/div><\/div><\/div><\/div>\t\t\t\t<\/div>\n\t\t\t\t\t\t\t<\/div>\n\t\t\t\t<\/div>\n\t\t\t\t\t\t\t\t<\/div>\n\t\t\t\t<\/div>\n\t\t\t\t\t<\/div>\n\t\t<\/div>\n\t\t\t\t\t<\/div>\n\t\t<\/section>\n\t\t\t\t<section class=\"elementor-section elementor-top-section elementor-element elementor-element-16180eeb elementor-section-content-middle elementor-section-boxed elementor-section-height-default elementor-section-height-default\" data-id=\"16180eeb\" data-element_type=\"section\">\n\t\t\t\t\t\t<div class=\"elementor-container elementor-column-gap-no\">\n\t\t\t\t\t<div class=\"elementor-column elementor-col-50 elementor-top-column elementor-element elementor-element-6306919f\" data-id=\"6306919f\" data-element_type=\"column\">\n\t\t\t<div class=\"elementor-widget-wrap elementor-element-populated\">\n\t\t\t\t\t\t<div class=\"elementor-element elementor-element-7d13cff4 elementor-view-default elementor-widget elementor-widget-icon\" data-id=\"7d13cff4\" data-element_type=\"widget\" data-widget_type=\"icon.default\">\n\t\t\t\t<div class=\"elementor-widget-container\">\n\t\t\t\t\t\t\t<div class=\"elementor-icon-wrapper\">\n\t\t\t<div class=\"elementor-icon\">\n\t\t\t<i aria-hidden=\"true\" class=\"fas fa-quote-left\"><\/i>\t\t\t<\/div>\n\t\t<\/div>\n\t\t\t\t\t\t<\/div>\n\t\t\t\t<\/div>\n\t\t\t\t<div class=\"elementor-element elementor-element-a1be8ff elementor-widget elementor-widget-heading\" data-id=\"a1be8ff\" data-element_type=\"widget\" data-widget_type=\"heading.default\">\n\t\t\t\t<div class=\"elementor-widget-container\">\n\t\t\t\t\t<h3 class=\"elementor-heading-title elementor-size-default\">Personalservice<\/h3>\t\t\t\t<\/div>\n\t\t\t\t<\/div>\n\t\t\t\t<div class=\"elementor-element elementor-element-4f3170e elementor-invisible elementor-widget elementor-widget-text-editor\" data-id=\"4f3170e\" data-element_type=\"widget\" data-settings=\"{&quot;_animation&quot;:&quot;fadeInUp&quot;,&quot;_animation_delay&quot;:100}\" data-widget_type=\"text-editor.default\">\n\t\t\t\t<div class=\"elementor-widget-container\">\n\t\t\t\t\t\t\t\t\t<p>Wir bieten unseren Kunden zur kurzfristigen und flexiblen Personalplanung ausschliesslich Facharbeiter zu Festpreisen, in Werksvertr\u00e4gen und demn\u00e4chst auch in Arbeitnehmer\u00fcberlassung.<\/p><p>Dazu geh\u00f6ren unter anderem : Schwei\u00dfer verschiedener Schwei\u00dftechniken, gepr\u00fcft nach DVS oder T\u00dcV-Euronorm, wie zum Beispiel: WIG, MIG \/ MAG, Elektrode, Schlosser verschiedener Fachrichtungen, Stahlbauer, Rohrvorrichter nach ISO, Rohrnetzbauer usw.<\/p>\t\t\t\t\t\t\t\t<\/div>\n\t\t\t\t<\/div>\n\t\t\t\t\t<\/div>\n\t\t<\/div>\n\t\t\t\t<div class=\"elementor-column elementor-col-50 elementor-top-column elementor-element elementor-element-321e67cc\" data-id=\"321e67cc\" data-element_type=\"column\">\n\t\t\t<div class=\"elementor-widget-wrap elementor-element-populated\">\n\t\t\t\t\t\t<div class=\"elementor-element elementor-element-91f4025 elementor-widget elementor-widget-image-gallery\" data-id=\"91f4025\" data-element_type=\"widget\" data-widget_type=\"image-gallery.default\">\n\t\t\t\t<div class=\"elementor-widget-container\">\n\t\t\t\t\t\t\t<div class=\"elementor-image-gallery\">\n\t\t\t<div id='gallery-1' class='gallery galleryid-231 gallery-columns-2 gallery-size-medium_large'><figure class='gallery-item'>\n\t\t\t<div class='gallery-icon landscape'>\n\t\t\t\t<img fetchpriority=\"high\" decoding=\"async\" width=\"768\" height=\"547\" src=\"https:\/\/industrieservice-schmelzer.de\/wp-content\/uploads\/2021\/01\/Personalservice2-scaled-e1746560647254-768x547.jpg\" class=\"attachment-medium_large size-medium_large\" alt=\"\" srcset=\"https:\/\/industrieservice-schmelzer.de\/wp-content\/uploads\/2021\/01\/Personalservice2-scaled-e1746560647254-768x547.jpg 768w, https:\/\/industrieservice-schmelzer.de\/wp-content\/uploads\/2021\/01\/Personalservice2-scaled-e1746560647254-300x214.jpg 300w, https:\/\/industrieservice-schmelzer.de\/wp-content\/uploads\/2021\/01\/Personalservice2-scaled-e1746560647254-1024x729.jpg 1024w, https:\/\/industrieservice-schmelzer.de\/wp-content\/uploads\/2021\/01\/Personalservice2-scaled-e1746560647254-1536x1094.jpg 1536w, https:\/\/industrieservice-schmelzer.de\/wp-content\/uploads\/2021\/01\/Personalservice2-scaled-e1746560647254-2048x1458.jpg 2048w\" sizes=\"(max-width: 768px) 100vw, 768px\" \/>\n\t\t\t<\/div><\/figure><figure class='gallery-item'>\n\t\t\t<div class='gallery-icon landscape'>\n\t\t\t\t<img decoding=\"async\" width=\"768\" height=\"548\" src=\"https:\/\/industrieservice-schmelzer.de\/wp-content\/uploads\/2021\/01\/Personalservice3-scaled-e1746560628682-768x548.jpg\" class=\"attachment-medium_large size-medium_large\" alt=\"\" srcset=\"https:\/\/industrieservice-schmelzer.de\/wp-content\/uploads\/2021\/01\/Personalservice3-scaled-e1746560628682-768x548.jpg 768w, https:\/\/industrieservice-schmelzer.de\/wp-content\/uploads\/2021\/01\/Personalservice3-scaled-e1746560628682-300x214.jpg 300w, https:\/\/industrieservice-schmelzer.de\/wp-content\/uploads\/2021\/01\/Personalservice3-scaled-e1746560628682-1024x730.jpg 1024w, https:\/\/industrieservice-schmelzer.de\/wp-content\/uploads\/2021\/01\/Personalservice3-scaled-e1746560628682-1536x1095.jpg 1536w, https:\/\/industrieservice-schmelzer.de\/wp-content\/uploads\/2021\/01\/Personalservice3-scaled-e1746560628682-2048x1460.jpg 2048w\" sizes=\"(max-width: 768px) 100vw, 768px\" \/>\n\t\t\t<\/div><\/figure><figure class='gallery-item'>\n\t\t\t<div class='gallery-icon landscape'>\n\t\t\t\t<img decoding=\"async\" width=\"768\" height=\"512\" src=\"https:\/\/industrieservice-schmelzer.de\/wp-content\/uploads\/2021\/01\/Personalservice4-768x512.jpg\" class=\"attachment-medium_large size-medium_large\" alt=\"\" srcset=\"https:\/\/industrieservice-schmelzer.de\/wp-content\/uploads\/2021\/01\/Personalservice4-768x512.jpg 768w, https:\/\/industrieservice-schmelzer.de\/wp-content\/uploads\/2021\/01\/Personalservice4-300x200.jpg 300w, https:\/\/industrieservice-schmelzer.de\/wp-content\/uploads\/2021\/01\/Personalservice4-1024x683.jpg 1024w, https:\/\/industrieservice-schmelzer.de\/wp-content\/uploads\/2021\/01\/Personalservice4-1536x1024.jpg 1536w, https:\/\/industrieservice-schmelzer.de\/wp-content\/uploads\/2021\/01\/Personalservice4.jpg 1920w\" sizes=\"(max-width: 768px) 100vw, 768px\" \/>\n\t\t\t<\/div><\/figure><figure class='gallery-item'>\n\t\t\t<div class='gallery-icon landscape'>\n\t\t\t\t<img loading=\"lazy\" decoding=\"async\" width=\"768\" height=\"504\" src=\"https:\/\/industrieservice-schmelzer.de\/wp-content\/uploads\/2021\/01\/Personalservice5-scaled-e1746560595960-768x504.jpg\" class=\"attachment-medium_large size-medium_large\" alt=\"\" srcset=\"https:\/\/industrieservice-schmelzer.de\/wp-content\/uploads\/2021\/01\/Personalservice5-scaled-e1746560595960-768x504.jpg 768w, https:\/\/industrieservice-schmelzer.de\/wp-content\/uploads\/2021\/01\/Personalservice5-scaled-e1746560595960-300x197.jpg 300w, https:\/\/industrieservice-schmelzer.de\/wp-content\/uploads\/2021\/01\/Personalservice5-scaled-e1746560595960-1024x672.jpg 1024w, https:\/\/industrieservice-schmelzer.de\/wp-content\/uploads\/2021\/01\/Personalservice5-scaled-e1746560595960-1536x1009.jpg 1536w, https:\/\/industrieservice-schmelzer.de\/wp-content\/uploads\/2021\/01\/Personalservice5-scaled-e1746560595960-2048x1345.jpg 2048w\" sizes=\"(max-width: 768px) 100vw, 768px\" \/>\n\t\t\t<\/div><\/figure>\n\t\t<\/div>\n\t\t<\/div>\n\t\t\t\t\t\t<\/div>\n\t\t\t\t<\/div>\n\t\t\t\t\t<\/div>\n\t\t<\/div>\n\t\t\t\t\t<\/div>\n\t\t<\/section>\n\t\t\t\t<\/div>\n\t\t","protected":false},"excerpt":{"rendered":"<p>Eine neue und junge Sparte unserer Industriedienstleistungen bildet der Sektor Personalservice Personalservice Wir bieten unseren Kunden zur kurzfristigen und flexiblen Personalplanung ausschliesslich Facharbeiter zu Festpreisen, in Werksvertr\u00e4gen und demn\u00e4chst auch in Arbeitnehmer\u00fcberlassung. Dazu geh\u00f6ren unter anderem : Schwei\u00dfer verschiedener Schwei\u00dftechniken, gepr\u00fcft nach DVS oder T\u00dcV-Euronorm, wie zum Beispiel: WIG, MIG \/ MAG, Elektrode, Schlosser verschiedener [&hellip;]<\/p>\n","protected":false},"author":1,"featured_media":0,"parent":0,"menu_order":0,"comment_status":"closed","ping_status":"closed","template":"","meta":{"footnotes":""},"class_list":["post-231","page","type-page","status-publish","hentry"],"_links":{"self":[{"href":"https:\/\/industrieservice-schmelzer.de\/index.php?rest_route=\/wp\/v2\/pages\/231","targetHints":{"allow":["GET"]}}],"collection":[{"href":"https:\/\/industrieservice-schmelzer.de\/index.php?rest_route=\/wp\/v2\/pages"}],"about":[{"href":"https:\/\/industrieservice-schmelzer.de\/index.php?rest_route=\/wp\/v2\/types\/page"}],"author":[{"embeddable":true,"href":"https:\/\/industrieservice-schmelzer.de\/index.php?rest_route=\/wp\/v2\/users\/1"}],"replies":[{"embeddable":true,"href":"https:\/\/industrieservice-schmelzer.de\/index.php?rest_route=%2Fwp%2Fv2%2Fcomments&post=231"}],"version-history":[{"count":25,"href":"https:\/\/industrieservice-schmelzer.de\/index.php?rest_route=\/wp\/v2\/pages\/231\/revisions"}],"predecessor-version":[{"id":466,"href":"https:\/\/industrieservice-schmelzer.de\/index.php?rest_route=\/wp\/v2\/pages\/231\/revisions\/466"}],"wp:attachment":[{"href":"https:\/\/industrieservice-schmelzer.de\/index.php?rest_route=%2Fwp%2Fv2%2Fmedia&parent=231"}],"curies":[{"name":"wp","href":"https:\/\/api.w.org\/{rel}","templated":true}]}}