{"id":204,"date":"2020-12-31T20:56:48","date_gmt":"2020-12-31T20:56:48","guid":{"rendered":"http:\/\/s855384390.online.de\/?page_id=204"},"modified":"2025-05-06T19:40:49","modified_gmt":"2025-05-06T19:40:49","slug":"engineering","status":"publish","type":"page","link":"https:\/\/industrieservice-schmelzer.de\/?page_id=204","title":{"rendered":"Engineering"},"content":{"rendered":"\t\t<div data-elementor-type=\"wp-page\" data-elementor-id=\"204\" class=\"elementor elementor-204\" data-elementor-post-type=\"page\">\n\t\t\t\t\t\t<section class=\"elementor-section elementor-top-section elementor-element elementor-element-8581f9e elementor-section-full_width elementor-section-height-default elementor-section-height-default\" data-id=\"8581f9e\" data-element_type=\"section\" data-settings=\"{&quot;background_background&quot;:&quot;classic&quot;}\">\n\t\t\t\t\t\t\t<div class=\"elementor-background-overlay\"><\/div>\n\t\t\t\t\t\t\t<div class=\"elementor-container elementor-column-gap-no\">\n\t\t\t\t\t<div class=\"elementor-column elementor-col-100 elementor-top-column elementor-element elementor-element-fc6fd73\" data-id=\"fc6fd73\" data-element_type=\"column\" data-settings=\"{&quot;background_background&quot;:&quot;classic&quot;}\">\n\t\t\t<div class=\"elementor-widget-wrap elementor-element-populated\">\n\t\t\t\t\t\t<div class=\"elementor-element elementor-element-52ea7e5 elementor--h-position-center elementor--v-position-middle elementor-arrows-position-inside elementor-pagination-position-inside elementor-widget elementor-widget-slides\" data-id=\"52ea7e5\" data-element_type=\"widget\" data-settings=\"{&quot;transition&quot;:&quot;fade&quot;,&quot;navigation&quot;:&quot;both&quot;,&quot;autoplay&quot;:&quot;yes&quot;,&quot;pause_on_interaction&quot;:&quot;yes&quot;,&quot;autoplay_speed&quot;:5000,&quot;infinite&quot;:&quot;yes&quot;,&quot;transition_speed&quot;:500}\" data-widget_type=\"slides.default\">\n\t\t\t\t<div class=\"elementor-widget-container\">\n\t\t\t\t\t\t\t\t\t<div class=\"elementor-swiper\">\n\t\t\t\t\t<div class=\"elementor-slides-wrapper elementor-main-swiper swiper\" role=\"region\" aria-roledescription=\"carousel\" aria-label=\"Slides\" dir=\"ltr\" data-animation=\"fadeInUp\">\n\t\t\t\t<div class=\"swiper-wrapper elementor-slides\">\n\t\t\t\t\t\t\t\t\t\t<div class=\"elementor-repeater-item-297c670 swiper-slide\" role=\"group\" aria-roledescription=\"slide\"><div class=\"swiper-slide-bg elementor-ken-burns elementor-ken-burns--in\" role=\"img\"><\/div><div class=\"elementor-background-overlay\"><\/div><div class=\"swiper-slide-inner\" ><div class=\"swiper-slide-contents\"><div class=\"elementor-slide-heading\">Ein weiteres wichtiges Standbein unseres Unternehmens bildet  der Sektor Engineering <\/div><\/div><\/div><\/div>\t\t\t\t<\/div>\n\t\t\t\t\t\t\t<\/div>\n\t\t\t\t<\/div>\n\t\t\t\t\t\t\t\t<\/div>\n\t\t\t\t<\/div>\n\t\t\t\t\t<\/div>\n\t\t<\/div>\n\t\t\t\t\t<\/div>\n\t\t<\/section>\n\t\t\t\t<section class=\"elementor-section elementor-top-section elementor-element elementor-element-16180eeb elementor-section-content-middle elementor-section-boxed elementor-section-height-default elementor-section-height-default\" data-id=\"16180eeb\" data-element_type=\"section\">\n\t\t\t\t\t\t<div class=\"elementor-container elementor-column-gap-no\">\n\t\t\t\t\t<div class=\"elementor-column elementor-col-50 elementor-top-column elementor-element elementor-element-6306919f\" data-id=\"6306919f\" data-element_type=\"column\">\n\t\t\t<div class=\"elementor-widget-wrap elementor-element-populated\">\n\t\t\t\t\t\t<div class=\"elementor-element elementor-element-7d13cff4 elementor-view-default elementor-widget elementor-widget-icon\" data-id=\"7d13cff4\" data-element_type=\"widget\" data-widget_type=\"icon.default\">\n\t\t\t\t<div class=\"elementor-widget-container\">\n\t\t\t\t\t\t\t<div class=\"elementor-icon-wrapper\">\n\t\t\t<div class=\"elementor-icon\">\n\t\t\t<i aria-hidden=\"true\" class=\"fas fa-quote-left\"><\/i>\t\t\t<\/div>\n\t\t<\/div>\n\t\t\t\t\t\t<\/div>\n\t\t\t\t<\/div>\n\t\t\t\t<div class=\"elementor-element elementor-element-1f4fea4 elementor-widget elementor-widget-heading\" data-id=\"1f4fea4\" data-element_type=\"widget\" data-widget_type=\"heading.default\">\n\t\t\t\t<div class=\"elementor-widget-container\">\n\t\t\t\t\t<h3 class=\"elementor-heading-title elementor-size-default\">Engineering<\/h3>\t\t\t\t<\/div>\n\t\t\t\t<\/div>\n\t\t\t\t<div class=\"elementor-element elementor-element-4f3170e elementor-invisible elementor-widget elementor-widget-text-editor\" data-id=\"4f3170e\" data-element_type=\"widget\" data-settings=\"{&quot;_animation&quot;:&quot;fadeInUp&quot;,&quot;_animation_delay&quot;:100}\" data-widget_type=\"text-editor.default\">\n\t\t\t\t<div class=\"elementor-widget-container\">\n\t\t\t\t\t\t\t\t\t<p>Dabei steht die Projektplanung im Maschinen-, Anlagen-, Stahl- und Rohrleitungsbau nach Kundenwunsch oder eigenen Entwicklungen im Vordergrund. Wichtig f\u00fcr ein optimales Ergebnis ist uns dabei die N\u00e4he zum Kunden und unsere projektbegleitende Beratung. Zus\u00e4tzlich bem\u00fchen wir uns um Optimierungen<\/p><p>Ihrer bestehenden Industrieanlagen und Verfahrensprozesse. Desweiteren bieten wir Ihnen im Rahmen der Projektplanung diverse Systemberechnungen und Dokumentationen. Im Bereich des Rohrleitungsbaus liefern wir Ihnen Rohrpl\u00e4ne, -isometrien und -berechnungen nach dem neuesten Stand der Informationstechnik. Auch in diesem Bereich sichern wir die Qualit\u00e4t unserer Projektierungen durch die Qualifikation unserer Mitarbeiter und st\u00e4ndiger Weiterbildung in vielen Bereichen des allgemeinen Maschinenbaus.<\/p>\t\t\t\t\t\t\t\t<\/div>\n\t\t\t\t<\/div>\n\t\t\t\t\t<\/div>\n\t\t<\/div>\n\t\t\t\t<div class=\"elementor-column elementor-col-50 elementor-top-column elementor-element elementor-element-321e67cc\" data-id=\"321e67cc\" data-element_type=\"column\">\n\t\t\t<div class=\"elementor-widget-wrap elementor-element-populated\">\n\t\t\t\t\t\t<div class=\"elementor-element elementor-element-545b53f elementor-widget elementor-widget-image-gallery\" data-id=\"545b53f\" data-element_type=\"widget\" data-widget_type=\"image-gallery.default\">\n\t\t\t\t<div class=\"elementor-widget-container\">\n\t\t\t\t\t\t\t<div class=\"elementor-image-gallery\">\n\t\t\t<div id='gallery-1' class='gallery galleryid-204 gallery-columns-2 gallery-size-medium_large'><figure class='gallery-item'>\n\t\t\t<div class='gallery-icon landscape'>\n\t\t\t\t<img fetchpriority=\"high\" decoding=\"async\" width=\"768\" height=\"513\" src=\"https:\/\/industrieservice-schmelzer.de\/wp-content\/uploads\/2021\/01\/Engineering1-768x513.jpg\" class=\"attachment-medium_large size-medium_large\" alt=\"\" srcset=\"https:\/\/industrieservice-schmelzer.de\/wp-content\/uploads\/2021\/01\/Engineering1-768x513.jpg 768w, https:\/\/industrieservice-schmelzer.de\/wp-content\/uploads\/2021\/01\/Engineering1-300x200.jpg 300w, https:\/\/industrieservice-schmelzer.de\/wp-content\/uploads\/2021\/01\/Engineering1-1024x683.jpg 1024w, https:\/\/industrieservice-schmelzer.de\/wp-content\/uploads\/2021\/01\/Engineering1-1536x1025.jpg 1536w, https:\/\/industrieservice-schmelzer.de\/wp-content\/uploads\/2021\/01\/Engineering1-2048x1367.jpg 2048w\" sizes=\"(max-width: 768px) 100vw, 768px\" \/>\n\t\t\t<\/div><\/figure><figure class='gallery-item'>\n\t\t\t<div class='gallery-icon landscape'>\n\t\t\t\t<img decoding=\"async\" width=\"768\" height=\"510\" src=\"https:\/\/industrieservice-schmelzer.de\/wp-content\/uploads\/2021\/01\/Engineering2-e1746560346602-768x510.jpg\" class=\"attachment-medium_large size-medium_large\" alt=\"\" srcset=\"https:\/\/industrieservice-schmelzer.de\/wp-content\/uploads\/2021\/01\/Engineering2-e1746560346602-768x510.jpg 768w, https:\/\/industrieservice-schmelzer.de\/wp-content\/uploads\/2021\/01\/Engineering2-e1746560346602-300x199.jpg 300w, https:\/\/industrieservice-schmelzer.de\/wp-content\/uploads\/2021\/01\/Engineering2-e1746560346602-1024x679.jpg 1024w, https:\/\/industrieservice-schmelzer.de\/wp-content\/uploads\/2021\/01\/Engineering2-e1746560346602-1536x1019.jpg 1536w, https:\/\/industrieservice-schmelzer.de\/wp-content\/uploads\/2021\/01\/Engineering2-e1746560346602.jpg 1712w\" sizes=\"(max-width: 768px) 100vw, 768px\" \/>\n\t\t\t<\/div><\/figure><figure class='gallery-item'>\n\t\t\t<div class='gallery-icon landscape'>\n\t\t\t\t<img decoding=\"async\" width=\"768\" height=\"512\" src=\"https:\/\/industrieservice-schmelzer.de\/wp-content\/uploads\/2021\/01\/Engineering3-768x512.jpg\" class=\"attachment-medium_large size-medium_large\" alt=\"\" srcset=\"https:\/\/industrieservice-schmelzer.de\/wp-content\/uploads\/2021\/01\/Engineering3-768x512.jpg 768w, https:\/\/industrieservice-schmelzer.de\/wp-content\/uploads\/2021\/01\/Engineering3-300x200.jpg 300w, https:\/\/industrieservice-schmelzer.de\/wp-content\/uploads\/2021\/01\/Engineering3-1024x683.jpg 1024w, https:\/\/industrieservice-schmelzer.de\/wp-content\/uploads\/2021\/01\/Engineering3-1536x1025.jpg 1536w, https:\/\/industrieservice-schmelzer.de\/wp-content\/uploads\/2021\/01\/Engineering3-2048x1366.jpg 2048w\" sizes=\"(max-width: 768px) 100vw, 768px\" \/>\n\t\t\t<\/div><\/figure><figure class='gallery-item'>\n\t\t\t<div class='gallery-icon landscape'>\n\t\t\t\t<img loading=\"lazy\" decoding=\"async\" width=\"768\" height=\"512\" src=\"https:\/\/industrieservice-schmelzer.de\/wp-content\/uploads\/2021\/01\/Engineering5-768x512.jpg\" class=\"attachment-medium_large size-medium_large\" alt=\"\" srcset=\"https:\/\/industrieservice-schmelzer.de\/wp-content\/uploads\/2021\/01\/Engineering5-768x512.jpg 768w, https:\/\/industrieservice-schmelzer.de\/wp-content\/uploads\/2021\/01\/Engineering5-300x200.jpg 300w, https:\/\/industrieservice-schmelzer.de\/wp-content\/uploads\/2021\/01\/Engineering5-1024x683.jpg 1024w, https:\/\/industrieservice-schmelzer.de\/wp-content\/uploads\/2021\/01\/Engineering5-1536x1024.jpg 1536w, https:\/\/industrieservice-schmelzer.de\/wp-content\/uploads\/2021\/01\/Engineering5-2048x1365.jpg 2048w\" sizes=\"(max-width: 768px) 100vw, 768px\" \/>\n\t\t\t<\/div><\/figure>\n\t\t<\/div>\n\t\t<\/div>\n\t\t\t\t\t\t<\/div>\n\t\t\t\t<\/div>\n\t\t\t\t\t<\/div>\n\t\t<\/div>\n\t\t\t\t\t<\/div>\n\t\t<\/section>\n\t\t\t\t<\/div>\n\t\t","protected":false},"excerpt":{"rendered":"<p>Ein weiteres wichtiges Standbein unseres Unternehmens bildet der Sektor Engineering Engineering Dabei steht die Projektplanung im Maschinen-, Anlagen-, Stahl- und Rohrleitungsbau nach Kundenwunsch oder eigenen Entwicklungen im Vordergrund. Wichtig f\u00fcr ein optimales Ergebnis ist uns dabei die N\u00e4he zum Kunden und unsere projektbegleitende Beratung. Zus\u00e4tzlich bem\u00fchen wir uns um Optimierungen Ihrer bestehenden Industrieanlagen und Verfahrensprozesse. [&hellip;]<\/p>\n","protected":false},"author":1,"featured_media":0,"parent":0,"menu_order":0,"comment_status":"closed","ping_status":"closed","template":"","meta":{"footnotes":""},"class_list":["post-204","page","type-page","status-publish","hentry"],"_links":{"self":[{"href":"https:\/\/industrieservice-schmelzer.de\/index.php?rest_route=\/wp\/v2\/pages\/204","targetHints":{"allow":["GET"]}}],"collection":[{"href":"https:\/\/industrieservice-schmelzer.de\/index.php?rest_route=\/wp\/v2\/pages"}],"about":[{"href":"https:\/\/industrieservice-schmelzer.de\/index.php?rest_route=\/wp\/v2\/types\/page"}],"author":[{"embeddable":true,"href":"https:\/\/industrieservice-schmelzer.de\/index.php?rest_route=\/wp\/v2\/users\/1"}],"replies":[{"embeddable":true,"href":"https:\/\/industrieservice-schmelzer.de\/index.php?rest_route=%2Fwp%2Fv2%2Fcomments&post=204"}],"version-history":[{"count":36,"href":"https:\/\/industrieservice-schmelzer.de\/index.php?rest_route=\/wp\/v2\/pages\/204\/revisions"}],"predecessor-version":[{"id":460,"href":"https:\/\/industrieservice-schmelzer.de\/index.php?rest_route=\/wp\/v2\/pages\/204\/revisions\/460"}],"wp:attachment":[{"href":"https:\/\/industrieservice-schmelzer.de\/index.php?rest_route=%2Fwp%2Fv2%2Fmedia&parent=204"}],"curies":[{"name":"wp","href":"https:\/\/api.w.org\/{rel}","templated":true}]}}